
Let p(l) = 3*l**3 - 13*l**2 - 189*l - 11. Give p(-6).
7
Let i(l) = -l**3 + 47*l**2 + 89*l + 210. Give i(49).
-231
Let r(h) = -2*h**3 + 21*h**2 - 15*h + 25. Give r(10).
-25
Let p(g) = -4*g**2 - 19*g - 4. Calculate p(4).
-144
Let k(j) = 44*j**2 + 1585*j + 37. What is k(-36)?
1
Let h(i) = i**2 - 43*i + 173. Calculate h(30).
-217
Let y(j) = -j**3 + 18*j**2 + 104*j - 1617. Calculate y(19).
-2
Let t(j) = -254*j**2 - 5*j - 7. Calculate t(-1).
-256
Let t(r) = 18*r**2 + 312*r + 1142. Calculate t(-12).
-10
Let o(l) = -28*l - 80. Give o(-13).
284
Let r(i) = -49*i + 231. What is r(17)?
-602
Let w(k) = -1774*k - 53227. Give w(-30).
-7
Let n(h) = 3*h**2 + 37*h + 74. Give n(-14).
144
Let l(c) = -17*c - 482. What is l(-28)?
-6
Let s(j) = 75*j + 76. What is s(-1)?
1
Let u(n) = 3*n - 60. Determine u(11).
-27
Let t(s) = 2*s**3 + 5*s - 9. What is t(3)?
60
Let v(i) = -16*i - 2073. Calculate v(-130).
7
Let q(i) = -2*i**2 + 25*i + 213. What is q(-6)?
-9
Let i(x) = -x**3 - 18*x**2 - 56*x + 4. Give i(-14).
4
Let y(p) = 193*p - 1341. Give y(7).
10
Let k(b) = 100*b + 3906. Give k(-39).
6
Let c(f) = -38*f + 2203. Calculate c(58).
-1
Let h(i) = -11*i - 665. What is h(-60)?
-5
Let x(n) = 69*n - 9087. What is x(132)?
21
Let p(j) = 19*j + 57. Determine p(-5).
-38
Let t(w) = -51*w - 466. Calculate t(-9).
-7
Let t(d) = 10*d - 687. Determine t(69).
3
Let l(k) = -k**2 + 17*k + 66. Give l(-5).
-44
Let i(x) = -14*x - 228. What is i(-21)?
66
Let r(u) = 123*u - 12310. Give r(100).
-10
Let d(c) = -c**3 - 42*c**2 - 39*c - 28. Determine d(-41).
-110
Let m(o) = -55*o - 487. Determine m(-9).
8
Let r(x) = 113*x - 179. Calculate r(2).
47
Let u(h) = -h**3 - 29*h**2 - 132*h - 829. Calculate u(-25).
-29
Let n(q) = 14*q + 148. What is n(-9)?
22
Let l(p) = -2*p**2 - 22*p + 91. What is l(4)?
-29
Let k(b) = 482*b + 1446. Calculate k(-3).
0
Let r(h) = h**3 + 13*h**2 - 278*h - 62. What is r(11)?
-216
Let w(t) = 11*t**3 - t**2 + 7*t + 6. Give w(-2).
-100
Let b(x) = -x**3 + 18*x**2 - 18*x - 489. What is b(14)?
43
Let l(x) = -x**3 - 22*x**2 - 61*x - 7. Calculate l(-3).
5
Let b(l) = -42*l + 1285. Determine b(31).
-17
Let o(q) = 2077*q + 2093. What is o(-1)?
16
Let t(j) = -324*j - 638. Determine t(-2).
10
Let k(c) = 10*c**2 + 104*c + 268. Calculate k(-6).
4
Let w(c) = -104*c - 99. What is w(-1)?
5
Let m(q) = -318*q - 552. Determine m(-2).
84
Let l(o) = -2*o**3 + 121*o**2 + 169*o + 132. Give l(62).
-922
Let a(m) = m**2 + 17*m + 61. Determine a(-7).
-9
Let l(p) = 23*p**2 - 366*p - 29. Calculate l(16).
3
Let l(u) = 2*u**2 - 19*u + 130. Determine l(9).
121
Let r(a) = -a**3 - 2*a**2 + 96*a - 4. What is r(-11)?
29
Let f(g) = 3*g**2 + 27*g - 170. Calculate f(-13).
-14
Let w(i) = i**2 + 83*i - 1032. Determine w(11).
2
Let a(k) = -5*k**2 + 999*k - 8416. Determine a(191).
-12
Let o(t) = -20*t + 4. Determine o(0).
4
Let g(j) = -j**3 - 16*j**2 - 209*j - 1028. Calculate g(-7).
-6
Let h(f) = -108*f**2 + 422*f + 30. Determine h(4).
-10
Let m(w) = -2755*w + 201110. Give m(73).
-5
Let m(h) = -714*h - 2134. Give m(-3).
8
Let g(n) = -44*n**2 - 1217*n + 47. Give g(-28).
-373
Let a(n) = -11*n**2 - 1748*n + 1936. Calculate a(-160).
16
Let a(o) = -2153*o - 83960. Calculate a(-39).
7
Let j(n) = 2*n**3 + 54*n**2 - 44*n + 81. Give j(-28).
-255
Let o(x) = 2*x**2 - 55*x - 265. Give o(32).
23
Let a(i) = i**2 - 364*i - 23050. Give a(-55).
-5
Let w(c) = 3*c - 117. Determine w(8).
-93
Let q(d) = 18*d - 76. Give q(-2).
-112
Let r(s) = 243*s + 2592. Calculate r(-11).
-81
Let z(s) = -2*s**2 - 449*s - 894. What is z(-2)?
-4
Let z(g) = -132*g - 828. Calculate z(-6).
-36
Let v(x) = -3*x**3 - 88*x**2 + 367*x + 68. What is v(-33)?
-64
Let h(m) = -606*m**2 - 5*m - 2. Give h(1).
-613
Let h(z) = 50*z**2 + 157*z - 482. Give h(3).
439
Let q(f) = 6078*f + 60782. Give q(-10).
2
Let r(d) = 6*d**2 + 123*d - 41. What is r(-20)?
-101
Let t(g) = -3*g**3 + 29*g**2 - 31*g + 19. What is t(9)?
-98
Let z(k) = -7*k**2 - 64*k - 458. Calculate z(-9).
-449
Let x(d) = 2*d**2 - 160*d + 2223. Determine x(62).
-9
Let l(j) = -5*j**2 - 32*j + 65. Determine l(2).
-19
Let f(s) = s**3 - 29*s**2 + 64*s - 117. Determine f(27).
153
Let m(u) = u**2 + 20*u - 275. Give m(-30).
25
Let y(g) = 4*g**3 - 50*g**2 + 12*g - 492. Give y(13).
2
Let d(t) = -36*t + 333. What is d(-17)?
945
Let w(v) = -v**3 + 52*v**2 - 530*v + 3231. Calculate w(41).
-8
Let i(w) = -10*w + 372. Determine i(25).
122
Let k(n) = 8*n**3 + 172*n**2 - 274*n + 41. Give k(-23).
-5
Let a(u) = -u**3 - 19*u**2 - 9*u - 240. Give a(-19).
-69
Let s(m) = -4*m**2 - 49*m - 137. Calculate s(-7).
10
Let l(j) = -j**3 + 3*j**2 + 466*j + 915. What is l(24)?
3
Let q(c) = -c**3 + 4*c**2 + 24*c - 5. Determine q(7).
16
Let x(y) = -y**3 + 17*y**2 - 26*y - 172. What is x(13)?
166
Let w(x) = -165*x - 2146. Give w(-13).
-1
Let p(m) = -171*m + 1745. Give p(10).
35
Let m(n) = n**3 + 228*n**2 - 5229*n + 12. What is m(21)?
12
Let u(y) = -y**3 + 44*y**2 - 81*y - 142. Determine u(42).
-16
Let r(g) = -2*g + 5. What is r(0)?
5
Let h(w) = -34*w - 17. Give h(1).
-51
Let n(l) = -l**3 - 19*l**2 - 63*l - 29. Give n(-4).
-17
Let w(o) = 26*o**3 + 8*o**2 - 16*o - 1. Determine w(2).
207
Let v(j) = -j**2 - 2256*j + 6772. Give v(3).
-5
Let k(j) = j**3 - 8*j**2 + 27*j - 119. What is k(7)?
21
Let d(n) = 3*n**2 + 13*n - 304. Determine d(9).
56
Let y(q) = 799*q + 166985. Calculate y(-209).
-6
Let c(n) = -n**3 + 8*n**2 - 13*n + 16. Determine c(4).
28
Let a(b) = 24*b + 1267. Give a(-52).
19
Let j(b) = 182*b + 1258. What is j(-7)?
-16
Let h(q) = 38*q - 5798. Give h(153).
16
Let c(k) = 3*k**3 + 15*k**2 + 4*k - 48. What is c(-5)?
-68
Let d(r) = -95*r + 11504. Calculate d(121).
9
Let d(v) = -2*v**3 + 38*v**2 - 167*v - 11. What is d(5)?
-146
Let i(p) = p**3 - 2*p**2 + p - 84. Determine i(0).
-84
Let p(x) = 102*x + 67. What is p(0)?
67
Let u(p) = p**3 - 21*p**2 - 47*p + 80. Calculate u(23).
57
Let o(i) = -i**3 + 20*i**2 - 17*i + 45. What is o(19)?
83
Let f(x) = 3*x**2 - 135*x + 494. What is f(4)?
2
Let y(b) = -252*b - 3261. Give y(-13).
15
Let o(b) = -1129*b - 2111. Calculate o(-2).
147
Let o(w) = -159*w - 791. What is o(-5)?
4
Let i(g) = g**3 + 36*g**2 + 270*g - 156. Calculate i(-25).
-31
Let y(u) = -5*u**2 + 196*u + 171. What is y(40)?
11
Let b(l) = l**3 - 24*l**2 + 109*l - 50. Determine b(16).
-354
Let c(l) = 2*l**2 - 9*l - 29. Determine c(-3).
16
Let f(v) = -454*v + 2. Determine f(0).
2
Let j(i) = -2*i**2 + 58*i + 1648. Calculate j(-17).
84
Let h(i) = -3*i - 58. What is h(-13)?
-19
Let v(d) = d**3 + 96*d**2 - 88*d + 876. Give v(-97).
3
Let l(v) = 19*v - 28. Give l(4).
48
Let h(k) = -5*k**2 - 6*k + 21. Give h(3).
-42
Let r(v) = -11*v + 670. Give r(60).
10
Let b(h) = 5*h**3 + 30*h**2 - h - 7. Determine b(-6).
-1
Let n(y) = y**3 - 13*y**2 + 74*y - 158. Determine n(4).
-6
Let l(d) = d**3 - 20*d**2 + 10*d + 17. Determine l(19).
-154
Let h(m) = m**2 + 38*m + 360. Determine h(-20).
0
Let t(n) = -n**3 - n**2 - 16*n - 12. Calculate t(-5).
168
Let t(g) = -3*g**3 + 32*g**2 - 16*g + 18. Give t(11).
-279
Let z(n) = n**3 + 3*n**2 + 22*n - 641. Determine z(7).
3
Let m(y) = -y**3 - 33*y**2 - 58*y + 102. Determine m(-31).
-22
Let r(c) = -41*c - 259. What is r(-8)?
69
Let b(c) = -897*c + 76284. Determine b(85).
39
Let w(c) = 9*c - 44. What is w(3)?
-17
Let n(l) = 2*l**2 - 52*l + 47. Give n(26).
47
Let w(v) = -2*v**3 + 30*v**2 - v + 91. What is w(15)?
76
Let m(o) = o**3 + 17*o**2 - 133*o + 102. What is m(-23)?
-13
Let y(p) = p**2 - 619*p - 6292. Determine y(-10).
-2
Let p(l) = 23*l**2 - 34*l - 69. Calculate p(6).
555
Let s(b) = -b**3 + 3*b**2 + 106*b + 262. Give s(-3).
-2
Let c(r) = -2*r**3 - 3*r**2 + r - 22. What is c(-3)?
2
Let c(d) = -8*d**2 + 17*d + 151. Give c(-9).
-650
Let j(x) = -x**3 + 32*x**2 + 25*x + 16. Calculate j(33).
-248
Let r(m) = 46*m - 2082. What is r(45)?
-12
Let s(y) = -y**3 - 1041*y**2 + 2081*y - 1. Determine s(2).
-11
Let i(q) = 3*q**2 - 24*q - 156. Calculate i(-9).
303
Let z(q) = -811*q - 141109. Give z(-174).
5
Let o(q) = -148*q + 5235. Determine o(35).
55
Let b(q) = -q**3 - 16*q**2 + 3*q + 39. Determine b(-16).
-9
Let g(i) = -23*i - 1712. Give g(-72).
-56
Let l(t) = -2*t**2 - 47*t + 358. What is l(6)?
4
Let v(s) = 14*s**2 - 294*s + 1253. Calculate v(6).
-7
Let v(g) = 254*g + 2290. Determine v(-9).
4
Let c(v) = -16*v + 188. What is c(9)?
44
Let g(o) = 71